{"id":6,"date":"2014-03-03T15:44:20","date_gmt":"2014-03-03T13:44:20","guid":{"rendered":"http:\/\/eins.13pixel.de\/zf\/?page_id=5"},"modified":"2019-02-23T22:46:33","modified_gmt":"2019-02-23T20:46:33","slug":"gedanken","status":"publish","type":"page","link":"http:\/\/zuegelfrei.de\/cms\/gedanken\/","title":{"rendered":"Gedanken"},"content":{"rendered":"<table border=\"0\" width=\"80%\" cellspacing=\"10\" cellpadding=\"10\">\n<tbody>\n<tr>\n<td width=\"20%\"><\/td>\n<td width=\"80%\">\n<blockquote><p>\u201eAchte auf deine Gedanken, denn sie werden deine Worte!<br \/>\nAchte auf deine Worte, denn sie werden deine Taten!<br \/>\nAchte auf deine Taten, denn sie werden deine Gewohnheiten!<br \/>\nAchte auf deine Gewohnheiten, denn sie werden dein Charakter!<br \/>\nAchte auf dein Charakter, denn er wird dein Schicksal!\u201c<br \/>\nTalmud<\/p><\/blockquote>\n<p><strong>Z\u00dcGELFREI \u2013 UNSER VEREIN<\/strong><\/p>\n<p>Mit 4 Ponys zogen wir Anfang August 2013 in das Umweltzentrum der Franzigmark bei Halle. Inzwischen sind es 10 Ponys, welche in weitestgehend artgerechter Haltung hier leben.<br \/>\nDie Aktivit\u00e4ten, t\u00e4glichen Aufgaben und Vorhaben unseres Vereins binden die Pferde vordergr\u00fcndig mit ein. Es liegt an uns allen, wie lebendig und vielf\u00e4ltig es hier ist und sein wird. Das Naturschutzgebiet Franzigmark bietet uns daf\u00fcr einzigartige M\u00f6glichkeiten.<br \/>\nT\u00e4glich beleben Kinder unseren Hof. Sie k\u00f6nnen lernen, mit ihren geliebten Pferden umzugehen, sich in den Gruppen zu integrieren, sich auf unserem Gel\u00e4nde gemeinsam zu organisieren und in Selbst\u00e4ndigkeit und Selbstverantwortung zunehmend Aufgaben zu \u00fcbernehmen.<br \/>\nAuch bieten wir die M\u00f6glichkeit f\u00fcr generations\u00fcbergreifende Veranstaltungen, wo \u201ejung und alt\u201c sich in besonderer Weise begegnen k\u00f6nnen. Veranstaltungen f\u00fcr Betriebe und Firmen sind bei uns m\u00f6glich, Kindergeburtstage und Selbsterfahrungskurse mit dem Medium Pferd.<\/p>\n<p><a href=\"http:\/\/zuegelfrei.de\/cms\/wp-content\/uploads\/2014\/03\/P1030843.jpg\"><img loading=\"lazy\" decoding=\"async\" class=\"aligncenter wp-image-344 size-medium\" src=\"http:\/\/zuegelfrei.de\/cms\/wp-content\/uploads\/2014\/03\/P1030843-300x225.jpg\" alt=\"Akkordion\" width=\"300\" height=\"225\" srcset=\"http:\/\/zuegelfrei.de\/cms\/wp-content\/uploads\/2014\/03\/P1030843-300x225.jpg 300w, http:\/\/zuegelfrei.de\/cms\/wp-content\/uploads\/2014\/03\/P1030843-800x600.jpg 800w\" sizes=\"auto, (max-width: 300px) 100vw, 300px\" \/><\/a><\/p>\n<p>Aus tiefstem Herzen lehnen wir es ab, Pferde beherrschen zu wollen, sie als reine Sportger\u00e4te zu benutzen und von ihnen zu erwarten, allein nach unseren Vorstellungen zu funktionieren. Ein so viel wertvollerer Weg ist es, sich dem Wesen der Pferde zu \u00f6ffnen, sich in eine intensive Beziehung mit ihnen zu begeben, mit und durch sie zu lernen und zu wachsen.<br \/>\n\u201eDer Umgang mit Pferden ist die beste Charakterschule der Welt. Wer mit Pferden umgehen m\u00f6chte, muss seine Raubtiernatur beherrschen und seine Friedtiernatur immer mehr entfalten.\u201c<br \/>\naus \u201ePferde sind die besseren Menschen\u201c von Peter Deicke und Petra Hermann.<\/p>\n<p>Wir wollen den momentanen Gegebenheiten Raum geben, offen f\u00fcr Unerwartetes sein, f\u00fcr Ideen und neue M\u00f6glichkeiten, neugierig und interessiert sein auf das, was kommen mag in Dankbarkeit und Vertrauen.<\/p>\n<p>Wir freuen uns auf Euch!<\/p>\n<p><strong>\u201eWende dein Gesicht der Sonne zu, dann fallen die Schatten hinter dich.\u201c<\/strong><br \/>\n<strong> Aus Afrika<\/strong><\/p>\n<ul>\n<li><strong>MENSCH UND PFERD <\/strong><span style=\"text-decoration: underline;\"><span style=\"color: #0000ff; text-decoration: underline;\"><a title=\"MENSCH UND PFERD\" href=\"http:\/\/zuegelfrei.de\/cms\/mensch-und-pferd\/\"><span style=\"color: #0000ff; text-decoration: underline;\">weiterlesen<\/span><\/a><\/span><\/span><\/li>\n<li><strong>Was mit Pferden f\u00fcr Kinder m\u00f6glich ist<\/strong> <span style=\"text-decoration: underline;\"><span style=\"color: #0000ff; text-decoration: underline;\"><a title=\"Was mit Pferden f\u00fcr Kinder m\u00f6glich ist\" href=\"http:\/\/zuegelfrei.de\/cms\/was-mit-pferden-fuer-kinder-moeglich-ist\/\"><span style=\"color: #0000ff; text-decoration: underline;\">weiterlesen<\/span><\/a><\/span><\/span><\/li>\n<\/ul>\n<\/td>\n<\/tr>\n<\/tbody>\n<\/table>\n","protected":false},"excerpt":{"rendered":"<p>\u201eAchte auf deine Gedanken, denn sie werden deine Worte! Achte auf deine Worte, denn sie werden deine Taten! Achte auf deine Taten, denn sie werden deine Gewohnheiten! Achte auf deine Gewohnheiten, denn sie werden dein Charakter! Achte auf dein Charakter, denn er wird dein Schicksal!\u201c Talmud Z\u00dcGELFREI \u2013 UNSER VEREIN Mit 4 Ponys zogen wir [&hellip;]<\/p>\n","protected":false},"author":1,"featured_media":0,"parent":0,"menu_order":1,"comment_status":"closed","ping_status":"closed","template":"","meta":{"footnotes":""},"class_list":["post-6","page","type-page","status-publish","hentry"],"_links":{"self":[{"href":"http:\/\/zuegelfrei.de\/cms\/wp-json\/wp\/v2\/pages\/6","targetHints":{"allow":["GET"]}}],"collection":[{"href":"http:\/\/zuegelfrei.de\/cms\/wp-json\/wp\/v2\/pages"}],"about":[{"href":"http:\/\/zuegelfrei.de\/cms\/wp-json\/wp\/v2\/types\/page"}],"author":[{"embeddable":true,"href":"http:\/\/zuegelfrei.de\/cms\/wp-json\/wp\/v2\/users\/1"}],"replies":[{"embeddable":true,"href":"http:\/\/zuegelfrei.de\/cms\/wp-json\/wp\/v2\/comments?post=6"}],"version-history":[{"count":19,"href":"http:\/\/zuegelfrei.de\/cms\/wp-json\/wp\/v2\/pages\/6\/revisions"}],"predecessor-version":[{"id":1304,"href":"http:\/\/zuegelfrei.de\/cms\/wp-json\/wp\/v2\/pages\/6\/revisions\/1304"}],"wp:attachment":[{"href":"http:\/\/zuegelfrei.de\/cms\/wp-json\/wp\/v2\/media?parent=6"}],"curies":[{"name":"wp","href":"https:\/\/api.w.org\/{rel}","templated":true}]}}

<table border="0" width="80%" cellspacing="10" cellpadding="10">
<tbody>
<tr>
<td width="20%"></td>
<td width="80%">
<blockquote><p>„Achte auf deine Gedanken, denn sie werden deine Worte!<br />
Achte auf deine Worte, denn sie werden deine Taten!<br />
Achte auf deine Taten, denn sie werden deine Gewohnheiten!<br />
Achte auf deine Gewohnheiten, denn sie werden dein Charakter!<br />
Achte auf dein Charakter, denn er wird dein Schicksal!“<br />
Talmud</p></blockquote>
<p><strong>ZÜGELFREI – UNSER VEREIN</strong></p>
<p>Mit 4 Ponys zogen wir Anfang August 2013 in das Umweltzentrum der Franzigmark bei Halle. Inzwischen sind es 10 Ponys, welche in weitestgehend artgerechter Haltung hier leben.<br />
Die Aktivitäten, täglichen Aufgaben und Vorhaben unseres Vereins binden die Pferde vordergründig mit ein. Es liegt an uns allen, wie lebendig und vielfältig es hier ist und sein wird. Das Naturschutzgebiet Franzigmark bietet uns dafür einzigartige Möglichkeiten.<br />
Täglich beleben Kinder unseren Hof. Sie können lernen, mit ihren geliebten Pferden umzugehen, sich in den Gruppen zu integrieren, sich auf unserem Gelände gemeinsam zu organisieren und in Selbständigkeit und Selbstverantwortung zunehmend Aufgaben zu übernehmen.<br />
Auch bieten wir die Möglichkeit für generationsübergreifende Veranstaltungen, wo „jung und alt“ sich in besonderer Weise begegnen können. Veranstaltungen für Betriebe und Firmen sind bei uns möglich, Kindergeburtstage und Selbsterfahrungskurse mit dem Medium Pferd.</p>
<p><a href="http://zuegelfrei.de/cms/wp-content/uploads/2014/03/P1030843.jpg"><img loading="lazy" decoding="async" class="aligncenter wp-image-344 size-medium" src="http://zuegelfrei.de/cms/wp-content/uploads/2014/03/P1030843-300x225.jpg" alt="Akkordion" width="300" height="225" srcset="http://zuegelfrei.de/cms/wp-content/uploads/2014/03/P1030843-300x225.jpg 300w, http://zuegelfrei.de/cms/wp-content/uploads/2014/03/P1030843-800x600.jpg 800w" sizes="auto, (max-width: 300px) 100vw, 300px" /></a></p>
<p>Aus tiefstem Herzen lehnen wir es ab, Pferde beherrschen zu wollen, sie als reine Sportgeräte zu benutzen und von ihnen zu erwarten, allein nach unseren Vorstellungen zu funktionieren. Ein so viel wertvollerer Weg ist es, sich dem Wesen der Pferde zu öffnen, sich in eine intensive Beziehung mit ihnen zu begeben, mit und durch sie zu lernen und zu wachsen.<br />
„Der Umgang mit Pferden ist die beste Charakterschule der Welt. Wer mit Pferden umgehen möchte, muss seine Raubtiernatur beherrschen und seine Friedtiernatur immer mehr entfalten.“<br />
aus „Pferde sind die besseren Menschen“ von Peter Deicke und Petra Hermann.</p>
<p>Wir wollen den momentanen Gegebenheiten Raum geben, offen für Unerwartetes sein, für Ideen und neue Möglichkeiten, neugierig und interessiert sein auf das, was kommen mag in Dankbarkeit und Vertrauen.</p>
<p>Wir freuen uns auf Euch!</p>
<p><strong>„Wende dein Gesicht der Sonne zu, dann fallen die Schatten hinter dich.“</strong><br />
<strong> Aus Afrika</strong></p>
<ul>
<li><strong>MENSCH UND PFERD </strong><span style="text-decoration: underline;"><span style="color: #0000ff; text-decoration: underline;"><a title="MENSCH UND PFERD" href="http://zuegelfrei.de/cms/mensch-und-pferd/"><span style="color: #0000ff; text-decoration: underline;">weiterlesen</span></a></span></span></li>
<li><strong>Was mit Pferden für Kinder möglich ist</strong> <span style="text-decoration: underline;"><span style="color: #0000ff; text-decoration: underline;"><a title="Was mit Pferden für Kinder möglich ist" href="http://zuegelfrei.de/cms/was-mit-pferden-fuer-kinder-moeglich-ist/"><span style="color: #0000ff; text-decoration: underline;">weiterlesen</span></a></span></span></li>
</ul>
</td>
</tr>
</tbody>
</table>

<p>„Achte auf deine Gedanken, denn sie werden deine Worte! Achte auf deine Worte, denn sie werden deine Taten! Achte auf deine Taten, denn sie werden deine Gewohnheiten! Achte auf deine Gewohnheiten, denn sie werden dein Charakter! Achte auf dein Charakter, denn er wird dein Schicksal!“ Talmud ZÜGELFREI – UNSER VEREIN Mit 4 Ponys zogen wir [&hellip;]</p>
