{"id":64,"date":"2014-03-30T19:08:36","date_gmt":"2014-03-30T17:08:36","guid":{"rendered":"http:\/\/zuegelfrei.de\/cms\/?page_id=64"},"modified":"2018-07-05T20:11:47","modified_gmt":"2018-07-05T18:11:47","slug":"mensch-und-pferd","status":"publish","type":"page","link":"http:\/\/zuegelfrei.de\/cms\/mensch-und-pferd\/","title":{"rendered":"MENSCH UND PFERD"},"content":{"rendered":"<table border=\"0\" width=\"80%\" cellspacing=\"10\" cellpadding=\"10\">\n<tbody>\n<tr>\n<td width=\"20%\"><\/td>\n<td width=\"80%\">PFERDE SIND HERVORRAGENDE LEHRMEISTER AUF EINEM FRIEDLICHEN UND AUTHENTISCHEN WEG ZU UNS SELBST.<br \/>\nSeit tausenden von Jahren begleiten Pferde den Menschen, wurden von ihm domestiziert und immer weiter seinen W\u00fcnschen und Bed\u00fcrfnissen in Exterieur und Interieur angepasst.<br \/>\nIn der freien Natur leben sie als friedliche Pflanzenfresser in kleinen Herden zusammen. Immer wachsam und fluchtbereit konnten sie die Zeiten \u00fcberleben. Eine klare Rangordnung erm\u00f6glicht ihnen gr\u00f6\u00dftm\u00f6gliche Sicherheit. Die Leitstute, welche Weg und Tempo einer Herde angibt, muss nicht die st\u00e4rkste und gr\u00f6\u00dfte Stute sein. Sie hat die h\u00f6chste Dominanz, die besten F\u00fchrungsqualit\u00e4ten. Der Leithengst ist f\u00fcr den Schutz der Herde verantwortlich und sorgt daf\u00fcr, dass alle Herdenmitglieder beisammen bleiben.<br \/>\nPferde k\u00f6nnen sich, auch wenn es Friedtiere sind, zur Wehr setzen. Ist ihnen bei Gefahr eine Flucht nach vorn nicht m\u00f6glich, treten und bei\u00dfen sie um ihr Leben. Potentielle Gefahren sehen Pferde von Natur aus in allem, was sie nicht kennen, z.B. flatternde B\u00e4nder, M\u00fclltonnen, ungewohnte Ger\u00e4usche, Schatten&#8230; Als Energiesparer rennen sie in der freien Wildbahn meist nur in Fluchtsituationen, selten aus \u00dcbermut. Ihnen geht es gut, wenn sie sich sicher und entspannt f\u00fchlen. So ist es wichtig, dass sie sich auf uns Menschen verlassen k\u00f6nnen, verschiedenste Situationen mit uns kennenlernen und bei uns gelassen und ausgeglichen sind.<br \/>\nPferde kommunizieren \u00fcber K\u00f6rpersprache, und das weltweit gleich. Oft nehmen wir Menschen ihre Kommunikationsversuche gar nicht war, weil sie sehr fein sein k\u00f6nnen, oder wir missverstehen sie, weil wir ihre Sprache nicht kennen. Daraus entstehen oft Missverst\u00e4ndnisse und Frust.<br \/>\nPferde leben im Augenblick und reagieren instinktiv. Sie beurteilen nicht nach \u00c4u\u00dferlichkeiten, Besitz und Leistungsverm\u00f6gen, sie kennen keine Vorurteile und keine Moral.<br \/>\nBei ihnen z\u00e4hlt NICHT SCHEIN SONDERN SEIN.<a href=\"http:\/\/zuegelfrei.de\/cms\/wp-content\/uploads\/2014\/06\/menschundpferd.jpg\"><img loading=\"lazy\" decoding=\"async\" class=\"aligncenter wp-image-324 size-medium\" src=\"http:\/\/zuegelfrei.de\/cms\/wp-content\/uploads\/2014\/06\/menschundpferd-300x225.jpg\" alt=\"Mensch und Pferd\" width=\"300\" height=\"225\" srcset=\"http:\/\/zuegelfrei.de\/cms\/wp-content\/uploads\/2014\/06\/menschundpferd-300x225.jpg 300w, http:\/\/zuegelfrei.de\/cms\/wp-content\/uploads\/2014\/06\/menschundpferd-800x600.jpg 800w\" sizes=\"auto, (max-width: 300px) 100vw, 300px\" \/><\/a>MENSCHEN sind sowohl Raubtiere als auch Friedtiere, Fleisch- und Pflanzenesser. In der Natur m\u00fcssen Raubtiere hinterh\u00e4ltig sein und durch T\u00e4uschungsman\u00f6ver zusehen, dass sie an die wachsame Beute herankommen. Auch wir Menschen kennen mehr oder weniger offensichtlich Lug, Betrug und T\u00e4uschungen, um zu erreichen, was wir wollen, um anerkannt zu werden.<br \/>\nRaubtiere \u00fcben Dauerdruck aus, weicht die Beute, so setzen sie nach. Bei uns Menschen ist dieses Verhalten im Extremen als Mobbing bekannt, Druck wird so lange ausge\u00fcbt, bis das Opfer \u201ef\u00e4llt\u201c.<br \/>\nDauerdruck kennen Pferde in ihrem Verhalten nicht, doch oft \u00fcben wir an ihnen bewusst oder unbewusst Dauerdruck aus, so dass sie uns als Raubtiere wahrnehmen m\u00fcssen, Angst vor uns haben und h\u00e4ufig bald abstumpfen und resignieren. Gef\u00e4hrliche Situationen sind hier vorprogrammiert, da eine gemeinsame Kommunikation nicht stattfindet und Mensch und Pferd aneinander vorbei leben. Will man den Tieren fair gegen\u00fcber treten, so gilt: So viel, wie n\u00f6tig und so wenig, wie m\u00f6glich, in einer den Pferden verst\u00e4ndlichen Form. \u00dcbertragbar ist dieses immer auch ins Sein mit den Mitmenschen.<br \/>\nWir Menschen suchen genau wie Pferde nach Sicherheit und N\u00e4he, genie\u00dfen liebevolle Zuwendung und brauchen Anerkennung als Motivation zum Lernen. Oft leben wir dies eher im Schein als im Sein, geben \u00c4u\u00dferlichkeiten und oberfl\u00e4chlichen F\u00e4higkeiten viel zu viel Aufmerksamkeit und verlieren uns in gesellschaftlich vorgegeben Idealbildern.<br \/>\nIm Zusammensein mit Pferden haben wir die Chance, uns bewusst f\u00fcr das Friedtier in uns zu entscheiden, authentisch und berechenbar zu werden, uns zu entdecken und uns so anzunehmen, wie wir wirklich sind ohne Selbstt\u00e4uschung und Selbstbetrug. F\u00fcr eine enge und sichere Beziehung mit dem Pferd m\u00fcssen wir uns unseres Raubtierverhaltens bewusst werden und es beherrschen lernen. Oft wissen wir nicht, dass wir schon in den allt\u00e4glichen Handlungen wie Raubtiere den Pferden begegnen:geradliniges und focussierendes Zugehen auf ein Pferd, um es zu holen<br \/>\ndas Heben der Arme mit H\u00e4nden wie Krallen, um es zu Halftern<br \/>\ndas Festklammern mit den Beinen auf dem Pferder\u00fccken, um uns zu halten<br \/>\n&#8230;So lange wir ihnen so begegnen, werden sie uns nie ganz vertrauen k\u00f6nnen! Vertrauen ist jedoch auch bei uns Menschen Grundlage f\u00fcr Gelassenheit, Sympathie und Liebe, f\u00fcr Entwicklung und Entfaltung.<br \/>\nGewiss ist, dass uns Pferde nie betr\u00fcgen oder hintergehen werden, m\u00f6gen also auch wir ihnen nicht so begegnen.<\/p>\n<p style=\"text-align: left;\"><a href=\"http:\/\/zuegelfrei.de\/cms\/wp-content\/uploads\/2014\/03\/P1030295.jpg\"><img loading=\"lazy\" decoding=\"async\" class=\"aligncenter wp-image-355 size-medium\" src=\"http:\/\/zuegelfrei.de\/cms\/wp-content\/uploads\/2014\/03\/P1030295-e1402564082498-300x190.jpg\" alt=\"Harmonie\" width=\"300\" height=\"190\" srcset=\"http:\/\/zuegelfrei.de\/cms\/wp-content\/uploads\/2014\/03\/P1030295-e1402564082498-300x190.jpg 300w, http:\/\/zuegelfrei.de\/cms\/wp-content\/uploads\/2014\/03\/P1030295-e1402564082498-800x507.jpg 800w\" sizes=\"auto, (max-width: 300px) 100vw, 300px\" \/><\/a><br \/>\nDie Pferde k\u00f6nnen unsere Sprache nicht erlernen und sich unser Raubtierverhalten nicht aneignen. Doch wir Menschen k\u00f6nnen ihre Sprache lernen, k\u00f6nnen uns in sie hinein f\u00fchlen und uns f\u00fcr sie verst\u00e4ndlich verhalten. Wir k\u00f6nnen uns unserer K\u00f6rpersprache und K\u00f6rperhaltung bewusst werden und sie bewusst einsetzen. Es ist bekannt, dass unsere K\u00f6rperhaltung Einfluss auf unser Gem\u00fct und unser Geisteszustand hat. Sind wir aufmerksam und bereit, die Qualit\u00e4ten in uns zu entdecken und reifen zu lassen, welche einen wahren Pferdef\u00fchrer ausmachen, so k\u00f6nnen wir uns gewiss sein, dass mit dem Pferd als einem wahren Freund an unserer Seite auch in unserem Alltag sich die Lebensqualit\u00e4t erh\u00f6ht. Im Zusammensein mit Pferden haben wir die Chance, unsere eigenen Instinkte, wie Wut und Angst, beherrschen zu lernen, F\u00fchrungsqualit\u00e4ten und Kompetenzen im Umfassenden Sein zu entwickeln.<br \/>\nPferde spiegeln immer unmittelbar unser wahres Inneres und geben uns unverf\u00e4lscht zur\u00fcck, was wir ihnen entgegenbringen. Sie sp\u00fcren unsere Angst, unsere Freude, unseren Wankelmut und unsere Absichten. An ihnen k\u00f6nnen wir uns zuverl\u00e4ssig orientieren auf unserem Weg zu ihnen und uns.<\/p>\n<\/td>\n<\/tr>\n<\/tbody>\n<\/table>\n","protected":false},"excerpt":{"rendered":"<p>PFERDE SIND HERVORRAGENDE LEHRMEISTER AUF EINEM FRIEDLICHEN UND AUTHENTISCHEN WEG ZU UNS SELBST. Seit tausenden von Jahren begleiten Pferde den Menschen, wurden von ihm domestiziert und immer weiter seinen W\u00fcnschen und Bed\u00fcrfnissen in Exterieur und Interieur angepasst. In der freien Natur leben sie als friedliche Pflanzenfresser in kleinen Herden zusammen. Immer wachsam und fluchtbereit konnten [&hellip;]<\/p>\n","protected":false},"author":1,"featured_media":0,"parent":0,"menu_order":0,"comment_status":"closed","ping_status":"closed","template":"","meta":{"footnotes":""},"class_list":["post-64","page","type-page","status-publish","hentry"],"_links":{"self":[{"href":"http:\/\/zuegelfrei.de\/cms\/wp-json\/wp\/v2\/pages\/64","targetHints":{"allow":["GET"]}}],"collection":[{"href":"http:\/\/zuegelfrei.de\/cms\/wp-json\/wp\/v2\/pages"}],"about":[{"href":"http:\/\/zuegelfrei.de\/cms\/wp-json\/wp\/v2\/types\/page"}],"author":[{"embeddable":true,"href":"http:\/\/zuegelfrei.de\/cms\/wp-json\/wp\/v2\/users\/1"}],"replies":[{"embeddable":true,"href":"http:\/\/zuegelfrei.de\/cms\/wp-json\/wp\/v2\/comments?post=64"}],"version-history":[{"count":15,"href":"http:\/\/zuegelfrei.de\/cms\/wp-json\/wp\/v2\/pages\/64\/revisions"}],"predecessor-version":[{"id":357,"href":"http:\/\/zuegelfrei.de\/cms\/wp-json\/wp\/v2\/pages\/64\/revisions\/357"}],"wp:attachment":[{"href":"http:\/\/zuegelfrei.de\/cms\/wp-json\/wp\/v2\/media?parent=64"}],"curies":[{"name":"wp","href":"https:\/\/api.w.org\/{rel}","templated":true}]}}